t(j) = -6*j**3 + 163*j**2 + 36*j + 32. What is the remainder when t(27) is divided by 124?
121
Suppose 3*m = 8*m - 695. Suppose x - 8 = -m. Let g = x - -229. What is the remainder when g is divided by 25?
23
Let l = -10 - -12. Suppose 2*n + 6 = -5*b + 39, -l*n - 4*b = -28. Suppose n*y = 14 + 2. Calculate the remainder when 10 is divided by y.
2
Suppose 0 = -16*g - 28*g + 35816. Let d = g - 739. Calculate the remainder when d is divided by 7.
5
Let d(v) = 27*v + 604. Calculate the remainder when 840 is divided by d(-21).
26
Suppose 0 = -7*w + 136 + 41 + 47. Calculate the remainder when 62 is divided by w.
30
Let t = 37 - 34. Suppose 0 = 4*p - t*p - 3. Suppose 0 = -p*f + 66 - 18. Calculate the remainder when 42 is divided by f.
10
Suppose 19*z - c - 79 = 14*z, 3*c = -4*z + 67. Calculate the remainder when 738 is divided by z.
2
Let k = -511 + 567. Suppose -13*f - k*f + 690 = 0. Calculate the remainder when f is divided by 5.
0
Let j(n) = 16*n**2 + 39*n + 160. What is the remainder when j(-5) is divided by 62?
55
Suppose -15*p + 16*p = 252. Let m = -227 + p. What is the remainder when m is divided by 7?
4
Suppose -n = -5*h - 32, 105 - 80 = -5*h. Suppose -3*d + 1304 = n*m - 12*m, 0 = -4*d - 3*m + 1700. What is the remainder when d is divided by 13?
12
Let g = -88 - -138. Let k be 85/(-15) + 6/9. What is the remainder when (9 - -476)*(-1)/k is divided by g?
47
Suppose 1930 = 15*i + 475. Let c = -65 + i. Calculate the remainder when 93 is divided by c.
29
Suppose -3*y + 398 = -51*b + 46*b, 4*y + 2*b = 496. What is the remainder when 278 is divided by y?
26
Let c(q) = 15*q**2 - 7*q + 61. What is the remainder when 170 is divided by c(0)?
48
Suppose -41*h = -3*r - 45*h + 9099, 5*h - 12131 = -4*r. What is the remainder when r is divided by 9?
5
Let s = -6126 + 9293. Calculate the remainder when s is divided by 44.
43
Suppose -i - 6*i + 14 = 0. Suppose 31 = z - 2*t, -4*z + i*t = -3 - 91. Calculate the remainder when z is divided by 11.
10
Let u(h) = 2*h - 16. Let a be u(4). Let x be 2/a - 18/(-8). Suppose -x*z - 17 = -p, -4*p - p = 2*z - 121. What is the remainder when 66 is divided by p?
20
What is the remainder when ((-1927)/(-5))/(1 - ((-121)/55 + 3)) is divided by 19?
8
Let u(y) = 3*y**2 - 6*y**2 + 26 - 5*y + 2*y**2 + 4. Let a(l) = l. Let n(m) = 6*a(m) - u(m). Calculate the remainder when 22 is divided by n(-14).
10
Suppose -2*o + 5*t + 89 - 289 = 0, -2*o - 5*t - 180 = 0. Let w = -61 - o. Calculate the remainder when 304 is divided by w.
32
Suppose 3*n = -1662*a + 1667*a - 125, 0 = -n. What is the remainder when 1166 is divided by a?
16
Let g(z) = -4*z + 19. Let x(a) = a**2 - 9*a + 20. Let i be x(5). Suppose 3*u - 4*u - 9 = i. What is the remainder when g(u) is divided by 14?
13
Suppose 6*d - 350 = d. What is the remainder when d is divided by (((-40)/4)/(-2) + 10)*9/15?
7
What is the remainder when 4/((-14232)/(-744) - 19) is divided by 0 + -1 + -1 + 10?
7
Let x = 888 + -450. Suppose -480 - x = -6*d. Calculate the remainder when d is divided by 39.
36
Let t(k) = 80*k + 2018. What is the remainder when t(-22) is divided by 116?
26
Suppose -q + 4 = 0, 0 = 4*y - 7*y - 3*q + 258. What is the remainder when 1386 is divided by y?
74
Let r(b) = b**2 - b - 274. Let a = -499 + 518. Calculate the remainder when 131 is divided by r(a).
63
Suppose -c = -2*u - 2*c - 256, -5*c + 232 = -2*u. Let i be (1/8)/(10/160*1). What is the remainder when (u/15)/(i/(-10)) is divided by 23?
19
Suppose 3*g - z = 21 + 81, -5*g + 180 = -5*z. Suppose -4*q + t + 79 = 0, -3*q = -t - 49 - 9. What is the remainder when q is divided by (44/66)/(2/g)?
10
What is the remainder when 6572 is divided by ((-4)/56)/(6/(-2100))?
22
Suppose 0 = -5*r + 81 - 1. Suppose -r*d + 833 = -127. Calculate the remainder when d is divided by 13.
8
Let v(f) = 4*f + 309. What is the remainder when 495 is divided by v(-17)?
13
Suppose 0 = -3*r + 6, 0 = 2*c - 4*r - 4 - 10. Suppose c*b - 2667 = -588. Calculate the remainder when b is divided by 16.
13
Let z(w) = -147*w**3 - 1. Let j be z(1). Let t = -123 - j. Calculate the remainder when 79 is divided by t.
4
Calculate the remainder when 3999 is divided by (0 - 6)*((-83)/12 + 570/(-760)).
43
Suppose -11522 = 2*a - 12824. What is the remainder when a is divided by 43?
6
Suppose 2*r - 226 = -u, -248 - 177 = -2*u + 5*r. What is the remainder when 292 is divided by u?
72
Let s(l) = -4*l**3 + 74*l**2 - 15*l - 55. Calculate the remainder when s(18) is divided by 53.
5
Let q(f) = -259*f + 6502. What is the remainder when 8367 is divided by q(25)?
24
Let x(h) = -3*h + 76. Let a be x(24). Suppose 24*z = 556 - a. Calculate the remainder when 30 is divided by z.
7
Suppose 95*d - 4216 = 93*d - 2*h, 4*h - 4224 = -2*d. Calculate the remainder when d is divided by 88.
80
Let q = 97 - 94. Suppose 140 = q*m - 103. Calculate the remainder when 323 is divided by m.
80
Let y = -194 - -199. Suppose 4*x - 190 = y*g, 3*x - 2*g - 94 = x. Calculate the remainder when x is divided by 17.
11
Suppose 2*z + 21 = -49. Let s = z + 36. What is the remainder when 37 is divided by (1 - 1)/s + (0 - -4)?
1
Suppose 3*t + 356 = 731. What is the remainder when 1748 is divided by t?
123
Let w(n) = 11*n**2 + 70*n + 12. What is the remainder when 234 is divided by w(-7)?
51
Let s = -22712 - -24207. Calculate the remainder when s is divided by 34.
33
Let d be 1 - (-1)/((-1)/17). Let n(f) = 153*f + 169. Let r(l) = -28*l - 34. Let a(h) = -2*n(h) - 11*r(h). What is the remainder when a(d) is divided by 2?
0
Let u(f) = -64*f - 9649. Calculate the remainder when u(-169) is divided by 4.
3
Suppose 4*w - 152 = -4*q, 192 = 5*q + w + 26. Suppose 149 + 863 = 4*n. What is the remainder when n is divided by q?
29
What is the remainder when 1005 is divided by 2/(4/(-11))*(-2580)/645?
15
Let h(v) = -12 + 6*v + 29 - 10*v + 16. Calculate the remainder when 31 is divided by h(4).
14
Let c = 180 - 98. Let p(m) = -1035*m + 18. What is the remainder when c is divided by p(0)?
10
Let l be ((-2)/3)/(4/6)*-107. Let o = l + -70. Suppose 0 = -0*r - 3*r - 4*p + o, -4*r + 3*p + 91 = 0. What is the remainder when 35 is divided by r?
16
Let o = -16344 - -16406. What is the remainder when 5703 is divided by o?
61
What is the remainder when 9416 is divided by (-9690)/(-75) + 6/(-30)?
128
Suppose 429 = -26*q + 20*q + 19*q. Calculate the remainder when q is divided by 26.
7
Let n(u) = -u + 27. Let w be n(9). Suppose 0 = -f - 2*i + w, 0 = 5*f - 2*i + 14 - 44. Calculate the remainder when 14 is divided by f.
6
What is the remainder when (375/500)/((-1)/(-48)) is divided by 22?
14
Suppose 32*o - 37*o + 4*k = -9275, o - 5*k - 1855 = 0. Calculate the remainder when o is divided by 19.
12
Let r(b) = -b**2 + 23*b + 23. What is the remainder when r(20) is divided by (-401)/(-13) - (-28)/182?
21
Let r = 667 + -198. Let f = r + -386. What is the remainder when f is divided by (14/(-6))/(1/(-6))?
13
Suppose 210*o - 117*o - 3069 = 0. Calculate the remainder when 178 is divided by o.
13
Suppose -9 + 0 = 3*r. Let d(s) = -s - 3. Let j be d(r). Suppose -3*g - 82 = -5*x - 14, -3*g - 3 = j. What is the remainder when 51 is divided by x?
12
Suppose 8*r - 2 = 14. Let d(m) = -11*m - 11*m - 17*m + 24 + 7*m + r*m**2. What is the remainder when 70 is divided by d(16)?
22
Let i be (-4)/(-4) + 3 - 2. Suppose i*t - 176 + 42 = 0. Suppose 5*v - 18 - t = 0. Calculate the remainder when 31 is divided by v.
14
Let j(f) = 3*f**2 + 417*f + 3831. Suppose -q - 2*q - 15 = 0, -5*q - 44 = -a. What is the remainder when j(-9) is divided by a?
17
Suppose -26*b = 35*b - 1159. Suppose 5*v - 300 = 30. Let j = v - b. Calculate the remainder when j is divided by 8.
7
Let z(o) = 273*o + 627. Calculate the remainder when z(-2) is divided by 18.
9
Let a(c) = 7*c. Let y(j) = 21*j**3 + 5*j**2 - 19*j + 13. Let p be y(3). Let s = p + -466. Calculate the remainder when s is divided by a(5).
32
Suppose 45*m + 23*m - 8220 = 38*m. What is the remainder when m is divided by 52?
14
What is the remainder when ((-1)/(-6))/((-1)/(-4152)) is divided by 37?
26
Suppose 4*z - 3*v + 11 = 0, 0 = 3*z - 6*z - 3*v + 18. Let h be (-10032)/(-57)*(3/4)/(-1). Let g = h + 135. What is the remainder when g is divided by z?
0
Let g(h) = 2*h**2 - 11*h - 9. Let j = 29 - -48. Calculate the remainder when g(-